et m(y) = 11*c(y) - 6*x(y). Let i(u) = -u**2 + 3*u + 3. Let t be i(5). Give m(t).
-2
Let t(r) = 3*r**2 + 8*r + 6. Let y(j) = -3*j + j**2 + 12*j + 6 + 3*j**2. Let f(d) = 3*t(d) - 2*y(d). Let b be 4/(-8)*(0 - -10). Determine f(b).
1
Let i(v) = 7 + 7 - v + 9 - 27. What is i(-5)?
1
Let p(o) be the third derivative of o**9/60480 + o**8/5040 + o**7/2520 - o**6/720 - o**5/30 + 4*o**2. Let i(q) be the third derivative of p(q). Calculate i(-4).
-9
Let f(a) = -a**3 - 5*a**2 - 6*a - 5. Let s be (-2)/(-6) - (-24)/9. Suppose 0 - 6 = -s*u, -3*u = 3*c - 36. Suppose 2*y = -c + 2. Calculate f(y).
3
Let m(l) = -20*l**3 + 15*l**2 - 3*l - 2. Let y(v) = 7*v**3 - 5*v**2 + v + 1. Let z(r) = -6*m(r) - 17*y(r). Determine z(5).
0
Let t(m) = -16*m. Let x(r) = -4*r. Let o(s) = 4*t(s) - 18*x(s). Suppose -6*w = -d - 2*w - 3, -d - 4*w = -5. What is o(d)?
8
Let i(p) = 3*p**3. Let l(u) = 11*u**3 - 7*u**2 + 2*u + 8. Let t(h) = 4*i(h) - l(h). Let a be ((2 - 0) + -1)*-7. Give t(a).
6
Let z(u) = 3*u**3 + 5*u**2 + 5*u. Let g(j) = -4*j**3 - 5*j**2 - 6*j. Let y(o) = -4*g(o) - 5*z(o). Determine y(5).
-5
Let c(r) = -r**2 + r. Suppose -b - 15 = 3*z + 28, -3*b - 64 = 4*z. Let m be (2/(-6))/(z/78). Give c(m).
-2
Let v(z) be the first derivative of -z**3/3 + 2*z**2 - 2*z - 6. Let n be 1 - (4 + -4 - 4). What is v(n)?
-7
Let o(q) be the third derivative of -q**6/60 + q**5/20 + q**4/24 - 47*q**2. Calculate o(3).
-24
Suppose 0 = -g + 5 - 1. Let f(w) = -4*w + 2 + 3 + w - g + 4*w**2. Give f(2).
11
Let a(t) = -t**2 - t - 2. Suppose b = j - 6, 0 = -2*j - 8*b + 3*b - 9. Suppose -j*u = u. Determine a(u).
-2
Let i(y) = -4 + 21*y + 2 + 3 - 26*y. Calculate i(1).
-4
Let h = 6 + -1. Let t(j) = j + j - h + 3*j - 4*j. Determine t(-5).
-10
Let s(b) = -5*b**2 - 11*b + 7. Let a(p) = -p**2 - 3*p + 2. Let o(c) = 9*a(c) - 2*s(c). Let k be o(3). Let t(v) = v**3 + 3*v**2 - v. Give t(k).
6
Let l = 0 + -3. Let n(o) = -o**3 - 5*o**2 - 4*o - 2. Determine n(l).
-8
Let n(b) = -b**3 - 4*b**2 + b - 6. Let c(m) = -m**3 - 4*m**2 + m - 7. Let x(u) = 4*c(u) - 5*n(u). Let o(r) = -r**3 + r - 4. Let j be o(0). Give x(j).
6
Let b(r) = r**3 + r**2 + 2. Let v = 139 + -137. Determine b(v).
14
Let p(i) be the first derivative of -i**3/3 - 3*i**2 - 3*i + 1. Let h(r) = r**2 + r - 1. Let l(q) = -2*h(q) - p(q). What is l(5)?
0
Suppose -3*b + 3*y - 3 = 0, y - 9 = -b - 0*b. Let o(i) = -4 + 0 + b - 7*i. Give o(1).
-7
Let x(u) = -u**2 - 1. Let g(a) = -6*a**2. Let s be g(-1). Let l = -6 - s. Calculate x(l).
-1
Let x(m) be the first derivative of -m**4/4 + 4*m**3/3 + 5*m**2/2 + 4*m + 10. Calculate x(5).
4
Let n(k) = k**2 - k + 1. Let z(g) = 3*g**2 - 9*g - 5. Let l(p) = 2*n(p) - z(p). Calculate l(6).
13
Let i = 1 + -1. Let z(j) = -3*j**2 - 6*j**2 - j**2 + 9*j**2 + 10. What is z(i)?
10
Let h be (-4)/(-14) + (-570)/133. Suppose -2*w - 5*c + 11 = 0, 5*w - 15 - 4 = -4*c. Let p(d) = 7 - w + 3*d - d. Give p(h).
-4
Let n(z) = -z**3 - 3*z**2 - 2*z + 1. Let h be (-3 + (-78)/(-30))/(2/10). What is n(h)?
1
Let q = 49/8 - 6. Let z(s) be the third derivative of -1/3*s**3 - 1/60*s**5 + 0*s + 3*s**2 + 0 - q*s**4. Calculate z(-3).
-2
Let s(x) = 140 - 139 + 5*x**3 + 3*x**3. Calculate s(-1).
-7
Let n(m) be the third derivative of m**4/12 + 5*m**3/6 + 11*m**2. Give n(-4).
-3
Let s be (17 - 3)*(-1)/(-2). Let p = s + -4. Suppose -v = 3, p*n - 4*v + 9 = -3*v. Let i(j) = -j**3 - 5*j**2 - 5*j + 1. Calculate i(n).
5
Let i = 14 + -12. Let x(t) = -t**2 + 2. Determine x(i).
-2
Let j be (-2 - 0) + 4 + 2. Let t(q) = -q - j*q + 4*q + 4*q - 5. Let z(x) = -x**2 - 10*x - 11. Let f be z(-8). Give t(f).
10
Let c(l) = 6*l**3 + 2*l**2 - 1. Let u(h) = 7*h**3 + 3*h**2 + h - 1. Let x(w) = 3*c(w) - 2*u(w). Calculate x(-2).
-29
Let l = 15 + -14. Let r(i) = -4*i**2 + i. Give r(l).
-3
Let b(h) = h - 4. Let x be b(6). Let q(y) = 13*y**2 + y**3 - 4 - 2*y**3 - 17*y**x. What is q(-4)?
-4
Let s(v) be the third derivative of v**5/60 - v**4/12 - 2*v**3/3 + 28*v**2. Determine s(4).
4
Suppose 3*s = -0*s + 21. Let v(l) = 0*l - l - l**2 + s + 3*l**2. Let i(f) = 3*f**2 + 8. Let k(j) = -3*i(j) + 4*v(j). What is k(-4)?
4
Let s(c) = -7*c**2 + 8*c - 3. Let o(l) = 6*l**2 - 7*l + 2. Let f(t) = -6*o(t) - 5*s(t). What is f(3)?
0
Let f(d) = d. Let w(k) = 2*k - 1. Let c(j) = -6*f(j) + w(j). Give c(-2).
7
Suppose 2*n - 5 = r, -n + 8 = r - 2. Let d(b) = -5 + 0*b**2 + b + b**2 - 6*b. Calculate d(n).
-5
Let h(p) = -12*p**2 + 2 + 6*p**2 - 2*p**2 + 3*p + 7*p**2. What is h(3)?
2
Let i = 5 - 7. Let b(m) be the second derivative of -1/20*m**5 + 0*m**4 + 3*m + 0 + 0*m**2 + 1/3*m**3. Determine b(i).
4
Let u(i) be the second derivative of -i**5/10 - i**4/12 + i**2 - 15*i. What is u(-2)?
14
Let d(c) = -c - 3. Let p(r) = r + 7. Let m be p(-10). Calculate d(m).
0
Let k(q) = -q**3 - 2*q**2 + 1. Suppose 69*w + 4 = 67*w. What is k(w)?
1
Let o(n) = n**2 + 1 - n - 4 + 2*n + 3*n. Suppose 6 = b + 3. Suppose -3 = -4*f - b*r, 0 = -5*f - 7*r + 3*r + 5. Give o(f).
-6
Let p(k) = -5*k - 4. Let u be p(-2). Let w(y) = -y - 2. Determine w(u).
-8
Let k(t) = -3*t - 10. Suppose m = -5*r - 9 - 8, -3*m - r = 9. Let q be -4 - -1*6/m. Determine k(q).
11
Let d(o) = -o**2 + 7*o - 7. Let s be d(6). Let l(c) = 10*c - 13*c + 2*c - c**2. Give l(s).
0
Let n(f) = 7*f**2 - 11*f + 6. Let w be (-264)/30 - 2/10. Let o(j) = -3*j**2 + 5*j - 3. Let z(v) = w*o(v) - 4*n(v). What is z(-4)?
-9
Let n be 12 - (-4 - (-2 - -1)). Let v(m) = -2*m**2 - 16 + n + 0*m - m. Calculate v(-1).
-2
Let n(u) = -2*u**2 - 2*u - 2. Let m = 3 + -6. Let d be m/(-2 + (-21)/(-6)). Give n(d).
-6
Let z(d) = 3*d**3 - 6*d**2 + 9. Let i(r) = 4*r**3 - 6*r**2 + 10. Let f(j) = 4*i(j) - 5*z(j). Calculate f(-6).
-5
Let m = -7 - -10. Let i(d) = 5*d + 0*d**3 - 2*d**3 + m*d**3 + 1 - 4*d + 6*d**2. Calculate i(-6).
-5
Let d(m) be the third derivative of -m**5/60 - m**4/8 - m**3/3 - 4*m**2. Let g(w) = w**3 + 2*w**2 - w + 3. Let r be g(-3). Calculate d(r).
-2
Let o(m) be the first derivative of -m**4/4 - m**3 - m**2/2 + 3*m - 1. Suppose 13*h = 17*h + 12. What is o(h)?
6
Suppose 0 = -2*j + 3*k - 12, -j - 4 = -3*j - 5*k. Let d(g) = -152*g + 3 + 2 + 153*g - 4. Calculate d(j).
-2
Let t = -1 + 3. Let r(f) = -5*f**t - 1 + 1. Let w = 6 + -5. Give r(w).
-5
Let c(q) = q**3 - 8*q + 16*q - 7*q. Suppose -p - 3 = 2*p. Determine c(p).
-2
Suppose 0 = 2*h + h - 6. Let u(d) = 4*d - 3. Determine u(h).
5
Let m(o) = -o**3 + 7*o**2 + 2. Let j be m(7). Let q(u) = -u**3 + 3*u**2 - 2*u + 3. Let b be q(j). Let g(p) = p**3 - 4*p**2 + 5*p - 4. What is g(b)?
2
Let k(d) be the second derivative of -d**3/2 + 3*d**2 - d. Let q be 4/(-32)*-4*8. Suppose -q*p = p - 20. Give k(p).
-6
Let j(d) = 3 + 3 + 317*d + 8*d**2 - 5 - 315*d. Determine j(-1).
7
Let q(f) be the first derivative of -4*f + 4/3*f**3 - 1/4*f**4 - 1/2*f**2 + 3. What is q(3)?
2
Let g(u) = u + 6. Suppose -5*d - 2*p = 3*p + 25, -2*p = -2*d - 6. Calculate g(d).
2
Let u(n) = 3*n - 4. Let b(m) = 1 - 2 - 1 + m. Let t(d) = -5*b(d) + 2*u(d). Let y be 6*((-96)/(-198) + 4/22). Give t(y).
6
Let a = -7 + 10. Let p(s) = -4*s + 0*s + 0*s + 2 + 0*s. Give p(a).
-10
Let g(y) = y**3 + 5*y**2 - 5*y - 1. Let o(d) = -d**2 - 5*d + 8. Let h be o(-7). Calculate g(h).
-7
Let b(t) = t**3 - 5*t**2 + 3*t + 1. Let o(i) = i**2 + i. Let w be o(2). Suppose 0*q - 4*q = h - w, 5*q - 2*h - 14 = 0. Let r be 3 + -2 + q - 0. What is b(r)?
-8
Let q(b) = 8*b - 6*b - 8*b. Suppose a + 0 - 2 = -3*v, 0 = 4*v + 3*a - 1. Calculate q(v).
-6
Let k(o) = -o**2 + 4*o - 2. Suppose -3*p + 10 = 4*v, -4*v - 3 = -5*p + 3. Suppose 2*w + 11 = 3*d + w, 0 = d + p*w - 6. Calculate k(d).
-2
Let n(b) be the first derivative of -b**4/4 + 5*b**3/3 + 3*b**2/2 + 7*b - 3. Determine n(5).
22
Let l(u) be the first derivative of u**4/4 + 7*u**3/3 + 4*u**2 + 7*u - 2. Let k = 53 - 59. Calculate l(k).
-5
Let t(i) be the second derivative of -i**4/3 - i**3/2 - i**2/2 - 4*i + 8. Calculate t(-2).
-11
Let b(n) = n - 6. Let t be b(5). Let k = 4 + t. Let u(x) = 2*x**2 + 5*x + 12 - 9*x - 11. Determine u(k).
7
Let k(w) be the first derivative of -w**3/3 + 3*w**2/2 + w - 7. Calculate k(-2).
-9
Let x(n) = 21*n - 13. Let i(k) = 7*k - 4. Let r(w) = -7*i(w) + 2*x(w). Let u(s) = 6*s + 1 - 6 + 0 + 3. Let g(f) = -5*r(f) - 6*u(f). Determine g(0).
2
Let s(x) = -7*x**3 + 6*x**2 - 2*x + 7. Let g(j) = 11*j**3 - 9*j**2 + 3*j - 11. Let q(f) = -5*g(f) - 8*s(f). Give 